{"id":1341,"date":"2020-03-06T19:04:41","date_gmt":"2020-03-06T22:04:41","guid":{"rendered":"https:\/\/www.liracarlosgomes.org.br\/?page_id=1341"},"modified":"2023-03-16T09:49:50","modified_gmt":"2023-03-16T12:49:50","slug":"estrutura-organizacional","status":"publish","type":"page","link":"https:\/\/www.liracarlosgomes.org.br\/?page_id=1341","title":{"rendered":"Estrutura Organizacional"},"content":{"rendered":"\t\t<div data-elementor-type=\"wp-page\" data-elementor-id=\"1341\" class=\"elementor elementor-1341\">\n\t\t\t\t<div class=\"elementor-element elementor-element-5e30de0 e-flex e-con-boxed e-con e-parent\" data-id=\"5e30de0\" data-element_type=\"container\" data-e-type=\"container\">\n\t\t\t\t\t<div class=\"e-con-inner\">\n\t\t\t\t<div class=\"elementor-element elementor-element-0255ef3 elementor-tabs-view-horizontal elementor-widget elementor-widget-tabs\" data-id=\"0255ef3\" data-element_type=\"widget\" data-e-type=\"widget\" data-widget_type=\"tabs.default\">\n\t\t\t\t\t\t\t<div class=\"elementor-tabs\">\n\t\t\t<div class=\"elementor-tabs-wrapper\" role=\"tablist\" >\n\t\t\t\t\t\t\t\t\t<div id=\"elementor-tab-title-2441\" class=\"elementor-tab-title elementor-tab-desktop-title\" aria-selected=\"true\" data-tab=\"1\" role=\"tab\" tabindex=\"0\" aria-controls=\"elementor-tab-content-2441\" aria-expanded=\"false\">Ano 2021<\/div>\n\t\t\t\t\t\t\t\t\t<div id=\"elementor-tab-title-2442\" class=\"elementor-tab-title elementor-tab-desktop-title\" aria-selected=\"false\" data-tab=\"2\" role=\"tab\" tabindex=\"-1\" aria-controls=\"elementor-tab-content-2442\" aria-expanded=\"false\">Ano 2022<\/div>\n\t\t\t\t\t\t\t<\/div>\n\t\t\t<div class=\"elementor-tabs-content-wrapper\" role=\"tablist\" aria-orientation=\"vertical\">\n\t\t\t\t\t\t\t\t\t<div class=\"elementor-tab-title elementor-tab-mobile-title\" aria-selected=\"true\" data-tab=\"1\" role=\"tab\" tabindex=\"0\" aria-controls=\"elementor-tab-content-2441\" aria-expanded=\"false\">Ano 2021<\/div>\n\t\t\t\t\t<div id=\"elementor-tab-content-2441\" class=\"elementor-tab-content elementor-clearfix\" data-tab=\"1\" role=\"tabpanel\" aria-labelledby=\"elementor-tab-title-2441\" tabindex=\"0\" hidden=\"false\"><h2 style=\"text-align: center;\"><b><u>DIRETORIA<\/u><\/b><\/h2><p style=\"font-weight: 400;\">\u00d8\u00a0\u00a0Jos\u00e9 Felix dos Santos &#8211; Presidente<\/p><p style=\"font-weight: 400;\">\u00d8\u00a0\u00a0Valdemir Alves de Oliveira &#8211; Vice-Presidente<\/p><p style=\"font-weight: 400;\">\u00d8\u00a0\u00a0Marcos Vin\u00edcius Santiago Costa &#8211; Presidente de Honra<\/p><p style=\"font-weight: 400;\">\u00d8\u00a0\u00a0Jos\u00e9 Mendon\u00e7a Costa &#8211; 1\u00ba Secret\u00e1rio<\/p><p style=\"font-weight: 400;\">\u00d8\u00a0\u00a0Gilton Martins dos Santos &#8211;\u00a0 2\u00ba Secret\u00e1rio<\/p><p>************************************************************************<\/p><p style=\"font-weight: 400;\">\u00d8\u00a0\u00a0Luiz Carlos Gomes &#8211; \u00a01\u00ba Tesoureiro<\/p><p style=\"font-weight: 400;\">\u00d8\u00a0\u00a0Jos\u00e9 Luciano da Cruz &#8211; \u00a02\u00ba Tesoureiro<\/p><p style=\"font-weight: 400;\">\u00d8\u00a0\u00a0Jos\u00e9 Cruz dos Santos &#8211; \u00a0Diretor de Rela\u00e7\u00f5es P\u00fablicas<\/p><p style=\"font-weight: 400;\">\u00d8\u00a0\u00a0Jos\u00e9 Wellington de Almeida Siqueira &#8211; \u00a0Diretor Social<\/p><p style=\"font-weight: 400;\">\u00d8\u00a0\u00a0Cosmo Batista dos Santos &#8211; \u00a0Diretor de Patrim\u00f4nio<\/p><p>************************************************************************<\/p><h2 style=\"text-align: center;\"><b><u>CONSELHO FISCAL<\/u><\/b><\/h2><h3><strong>TITULAR<\/strong><\/h3><p style=\"font-weight: 400;\">\u00a0Ant\u00f4nio Afonso Reis de Oliveira\u00a0 \u00a0\u00a0\u00a0\u00a0<\/p><p style=\"font-weight: 400;\">\u00d8\u00a0\u00a0Raimundo de Andrade Santos\u00a0\u00a0<\/p><p style=\"font-weight: 400;\">\u00d8\u00a0\u00a0Laura Modesto Rocha Sales<\/p><h3><strong>SUPLENTE<\/strong><\/h3><p style=\"font-weight: 400;\">\u00a0Ant\u00f4nio Afonso Reis de Oliveira\u00a0 \u00a0\u00a0\u00a0\u00a0<\/p><p style=\"font-weight: 400;\">\u00d8\u00a0\u00a0Raimundo de Andrade Santos\u00a0\u00a0<\/p><p style=\"font-weight: 400;\">\u00d8\u00a0\u00a0Laura Modesto Rocha Sales<\/p><p>************************************************************************<\/p><h2 style=\"text-align: center;\"><b><u>EQUIPE T\u00c9CNICA<\/u><\/b><\/h2><p>Claudemiro Xisto dos Santos &#8211;\u00a0<b>Maestro<\/b><\/p><p>\u00d8\u00a0\u00a0Alex do Carmo Oliveira &#8211;\u00a0<b>Professor de Inicia\u00e7\u00e3o Musical<\/b><\/p><p>\u00d8\u00a0\u00a0Carlos Alberto Fiel de Oliveira &#8211; \u00a0<b>Professor de Inicia\u00e7\u00e3o Musical<\/b><\/p><p>\u00d8\u00a0\u00a0Elaine Santos Passos &#8211; \u00a0<b>Assistente Social<\/b><\/p><p>\u00d8\u00a0\u00a0Ana Catarina de Jesus Neves Leandro &#8211; \u00a0<b>Pedagoga<\/b><\/p><p>\u00d8\u00a0\u00a0Weslley Correia Santos &#8211;\u00a0<b>Psic\u00f3logo<\/b><\/p><p>\u00d8\u00a0\u00a0Rinaldo Fran\u00e7a Cerqueira &#8211;\u00a0<b>Contador<\/b><\/p><p>\u00d8\u00a0\u00a0Janesete Batista de Jesus &#8211; \u00a0<b>Auxiliar de Limpeza<\/b><\/p><p>\u200b<\/p><\/div>\n\t\t\t\t\t\t\t\t\t<div class=\"elementor-tab-title elementor-tab-mobile-title\" aria-selected=\"false\" data-tab=\"2\" role=\"tab\" tabindex=\"-1\" aria-controls=\"elementor-tab-content-2442\" aria-expanded=\"false\">Ano 2022<\/div>\n\t\t\t\t\t<div id=\"elementor-tab-content-2442\" class=\"elementor-tab-content elementor-clearfix\" data-tab=\"2\" role=\"tabpanel\" aria-labelledby=\"elementor-tab-title-2442\" tabindex=\"0\" hidden=\"hidden\"><h2 style=\"text-align: center;\"><strong>ESTRUTURA ORGANIZACIONAL &#8211; TRI\u00caNIO 2023\/2025<\/strong><\/h2><p>\u00a0<\/p><h3><strong>DIRETORIA<\/strong><strong>\u00a0<\/strong><\/h3><p>\u00a0<\/p><p>Presidente\u2026\u2026\u2026\u2026\u2026\u2026\u2026\u2026\u2026 Jos\u00e9 Cruz dos Santos\u00a0<br \/>Vice-presidente \u2026\u2026\u2026\u2026\u2026\u2026\u2026Jos\u00e9 Mendon\u00e7a Costa\u00a0<br \/>1\u00ba Secret\u00e1rio \u2026\u2026\u2026\u2026\u2026\u2026\u2026\u2026 Gilton Martins dos Santos\u00a0<br \/>2\u00ba Secret\u00e1rio \u2026\u2026\u2026\u2026\u2026\u2026\u2026\u2026. Valdemir Alves de Oliveira\u00a0<br \/>1\u00ba Tesoureiro \u2026\u2026\u2026\u2026\u2026\u2026\u2026\u2026Luiz Carlos Gomes\u00a0<br \/>2\u00ba Tesoureiro \u2026\u2026\u2026\u2026\u2026\u2026\u2026\u2026Luiz Carlos Alves\u00a0<br \/>Diretor de Rela\u00e7\u00f5es P\u00fablicas \u2026\u2026Cosmo Batista dos Santos\u00a0<br \/>Diretor Social \u2026\u2026\u2026\u2026\u2026\u2026\u2026\u2026Raimunda Andrelina de Jesus\u00a0<br \/>Diretor de Patrim\u00f4nio \u2026\u2026\u2026\u2026&#8230; H\u00e9lio Menezes Mascarenhas\u00a0<br \/>\u00a0<\/p><h3><strong>CONSELHO FISCAL<\/strong><\/h3><ul><li>Ant\u00f4nio Afonso Reis de Oliveira\u00a0<\/li><li>Laura Modesto Rocha Sales\u00a0<\/li><li>Ot\u00e1vio Vasconcelos Filho\u00a0<\/li><\/ul><h3><br \/><strong>SUPLENTES DO CONSELHO FISCAL<\/strong><\/h3><ul><li>Ant\u00f4nio Rocha dos Santos\u00a0<\/li><li>Bruno Marcelo Oliveira Santos<\/li><li>Cleide Selma Santos de Oliveira\u00a0<\/li><\/ul><\/div>\n\t\t\t\t\t\t\t<\/div>\n\t\t<\/div>\n\t\t\t\t\t\t<\/div>\n\t\t\t\t\t<\/div>\n\t\t\t\t<\/div>\n\t\t\t\t<\/div>\n\t\t","protected":false},"excerpt":{"rendered":"<p>Ano 2021 Ano 2022 Ano 2021 DIRETORIA \u00d8\u00a0\u00a0Jos\u00e9 Felix dos Santos &#8211; Presidente \u00d8\u00a0\u00a0Valdemir Alves de Oliveira &#8211; Vice-Presidente \u00d8\u00a0\u00a0Marcos Vin\u00edcius Santiago Costa &#8211; Presidente de Honra \u00d8\u00a0\u00a0Jos\u00e9 Mendon\u00e7a Costa &#8211; 1\u00ba Secret\u00e1rio \u00d8\u00a0\u00a0Gilton Martins dos Santos &#8211;\u00a0 2\u00ba Secret\u00e1rio ************************************************************************ \u00d8\u00a0\u00a0Luiz Carlos Gomes &#8211; \u00a01\u00ba Tesoureiro \u00d8\u00a0\u00a0Jos\u00e9 Luciano da Cruz &#8211; \u00a02\u00ba Tesoureiro \u00d8\u00a0\u00a0Jos\u00e9 &hellip;<\/p>\n","protected":false},"author":1,"featured_media":0,"parent":0,"menu_order":0,"comment_status":"closed","ping_status":"closed","template":"","meta":{"om_disable_all_campaigns":false,"footnotes":""},"class_list":["post-1341","page","type-page","status-publish",""],"_links":{"self":[{"href":"https:\/\/www.liracarlosgomes.org.br\/index.php?rest_route=\/wp\/v2\/pages\/1341","targetHints":{"allow":["GET"]}}],"collection":[{"href":"https:\/\/www.liracarlosgomes.org.br\/index.php?rest_route=\/wp\/v2\/pages"}],"about":[{"href":"https:\/\/www.liracarlosgomes.org.br\/index.php?rest_route=\/wp\/v2\/types\/page"}],"author":[{"embeddable":true,"href":"https:\/\/www.liracarlosgomes.org.br\/index.php?rest_route=\/wp\/v2\/users\/1"}],"replies":[{"embeddable":true,"href":"https:\/\/www.liracarlosgomes.org.br\/index.php?rest_route=%2Fwp%2Fv2%2Fcomments&post=1341"}],"version-history":[{"count":38,"href":"https:\/\/www.liracarlosgomes.org.br\/index.php?rest_route=\/wp\/v2\/pages\/1341\/revisions"}],"predecessor-version":[{"id":3056,"href":"https:\/\/www.liracarlosgomes.org.br\/index.php?rest_route=\/wp\/v2\/pages\/1341\/revisions\/3056"}],"wp:attachment":[{"href":"https:\/\/www.liracarlosgomes.org.br\/index.php?rest_route=%2Fwp%2Fv2%2Fmedia&parent=1341"}],"curies":[{"name":"wp","href":"https:\/\/api.w.org\/{rel}","templated":true}]}}