{"id":1326,"date":"2020-03-06T11:38:08","date_gmt":"2020-03-06T14:38:08","guid":{"rendered":"https:\/\/www.liracarlosgomes.org.br\/?page_id=1326"},"modified":"2020-03-06T11:55:38","modified_gmt":"2020-03-06T14:55:38","slug":"historia-2","status":"publish","type":"page","link":"https:\/\/www.liracarlosgomes.org.br\/?page_id=1326","title":{"rendered":"Hist\u00f3ria"},"content":{"rendered":"\n<p style=\"text-align: justify;\">A Associa\u00e7\u00e3o Musical \u201cLira Carlos Gomes\u201d, fundada em 03 de outubro de 1879, tem como patrono o mestre brasileiro \u201cAnt\u00f4nio Carlos Gomes\u201d, \u00e9 uma institui\u00e7\u00e3o art\u00edstica, liter\u00e1ria, recreativa, sociocultural sem fins econ\u00f4micos. Que tem como finalidade proporcionar, propagar e difundir a arte musical.<\/p>\n<p style=\"text-align: justify;\">Ao longo dos seus 140 anos de atividades ininterruptas, evidencia-se sua participa\u00e7\u00e3o em diversos eventos renomados:<\/p>\n<p style=\"text-align: justify;\">\u00a0Em 1976, do concurso Sergipano de Bandas de M\u00fasica na cidade de Lagarto\/Se, organizado pelo MOBRAL, neste evento a filarm\u00f4nica venceu, conquistando o direito de participar do 1\u00ba Campeonato Nacional de Bandas, organizado pela Funarte e a Rede Globo em 1977 na cidade do Rio de Janeiro, onde obteve destaque, ficando em 4\u00ba lugar a n\u00edvel Norte\/Nordeste e 9\u00ba a n\u00edvel Nacional.<\/p>\n<p style=\"text-align: justify;\">Em 1978 participou da segunda edi\u00e7\u00e3o do evento, na cidade de Recife, ficando em 3\u00ba lugar.<\/p>\n<p style=\"text-align: justify;\">Em 1979, participou da Festa do Candango em Bras\u00edlia a convite da Secretaria de Cultura do Distrito Federal.<\/p>\n<p style=\"text-align: justify;\">Em 1980 a convite da Prefeitura Municipal de Itabuna-BA, participou dos festejos do Sesquicenten\u00e1rio da cidade.<\/p>\n<p style=\"text-align: justify;\">\u00a0<\/p>\n<p style=\"text-align: justify;\"><strong>\u00a0<\/strong><\/p>\n<p style=\"text-align: justify;\"><strong>A Filarm\u00f4nica participou tamb\u00e9m<\/strong><strong> de diversos Encontros de Bandas e eventos<\/strong><\/p>\n<p style=\"text-align: justify;\">\u00a0<\/p>\n<p style=\"text-align: justify;\">Em Aracaju-SE em 1994, Boquim-SE em 1998, Est\u00e2ncia-SE em 1999, Tobias Barreto-SE em 2002, Indiaroba-SE em 2003 e em Boquim-SE em 21\/03\/2007, em Capela-SE em 26\/08\/2007 e em 1\u00ba de Dezembro de 2007 participou como convidado especial do grande encontro de Bandas na cidade de S\u00e3o F\u00e9lix-BA. E em Est\u00e2ncia-SE de 2008 a 2014, participou no dia 19\/04\/2015 como convidado no concurso de bandas de Fanfarra em Cristin\u00e1polis-SE. Encontro de Bandas em 27\/09\/2015 na Cidade de Est\u00e2ncia, em 22\/11\/2015 Encontro de Bandas Centen\u00e1rias na Cidade de Itabaiana\/SE, em 29\/11\/2015 Encontro de Bandas na Cidade de Lagarto\/SE. Em 29\/05\/2016 participamos do Encontro de Bandas na Cidade de Santa Luzia do Itanhy, em Sim\u00e3o Dias no dia 10\/06\/2017, em Itabaianinha no dia 26\/08\/2017, e em Lagarto em 26\/11\/2017, em Arau\u00e1\/SE em 15\/04\/2018, em Itabaiana em 29\/07\/2018, em Itabaianinha 25\/08\/2018,\u00a0 Todos esses encontros, gra\u00e7as a Deus e a boa vontade dos m\u00fasicos e alunos que fazem \u00e0 Lira Carlos Gomes fomos destaque. E apresentamos no dia 07\/09\/2018, o Desfile C\u00edvico de Est\u00e2ncia a Filarm\u00f4nica Principal com 44 componentes e a Filarm\u00f4nica de Alunos com 39 componentes e mais 42 Alunos iniciantes uniformizados acompanhando a Filarm\u00f4nica de Alunos, totalizando 125 componentes, e no dia 30\/09\/2018, o XI Encontro de Bandas da Cidade de Est\u00e2ncia\/SE, 18\/11\/2018 na Cidade de Lagarto\/SE, no dia 26\/05\/2019 na Cidade de Irar\u00e1-BA, 25\/06\/2019 no Arraial do Povo em Aracaju\/Se e no \u00faltimo dia 24\/08\/2019 na Cidade de Itabaianinha-SE, desfile c\u00edvico de Est\u00e2ncia em 07\/09\/2019, com as duas filarm\u00f4nicas, de aprendizes com 40 componentes e a principal com 50 componentes e 40 alunos da Escola de Inicia\u00e7\u00e3o Musical . E nas comemora\u00e7\u00f5es dos 140 anos da Lira nos dias 03\/10\/2019 e 05\/10\/2019.<\/p>\n<p style=\"text-align: justify;\"><strong>\u00a0<\/strong><\/p>\n<p style=\"text-align: justify;\"><strong>Regentes que passaram pela Filarm\u00f4nica<\/strong><\/p>\n<p style=\"text-align: justify;\">A centen\u00e1ria Lira Carlos Gomes, teve no passado regentes renomados como Joaquim Hon\u00f3rio, Euz\u00e9bio Costa, Capit\u00e3o Sobral, Zeca de Gulino, Major Edeltrudes, Luiz Cameli\u00ea, Laranjeiras, Eut\u00edquio da Cruz, Pedro Noberto da Silva, Armando Oliveira, Gerv\u00e1sio Damaceno, Jos\u00e9 Feitosa, Jo\u00e3o Bonif\u00e1cio, Jos\u00e9 Luis, Alberto Prado, Aldo S\u00e9rgio. Desde 1994 Claudemiro Xisto dos Santos est\u00e1 \u00e0 frente como regente, que vem fazendo um trabalho de renova\u00e7\u00e3o de m\u00fasicos e arranjos musicais.<\/p>\n<p style=\"text-align: justify;\"><strong>\u00a0<\/strong><\/p>\n<p style=\"text-align: justify;\"><strong>Cria\u00e7\u00e3o da Escola de Inicia\u00e7\u00e3o Musical<\/strong><\/p>\n<p style=\"text-align: justify;\">Com o intuito de dar continuidade as atividades da filarm\u00f4nica, em 1971 foi criada a Escola de Inicia\u00e7\u00e3o Musical por Divaldo Carvalho Costa, presidente na \u00e9poca, com o objetivo de formar m\u00fasicos para integrarem \u00e0 corpora\u00e7\u00e3o da filarm\u00f4nica, uma vez que, a maioria dos seus m\u00fasicos n\u00e3o residia na cidade e a banda consequentemente vivia desfalcada.<\/p>\n<p style=\"text-align: justify;\"><strong>\u00a0<\/strong><\/p>\n<p style=\"text-align: justify;\"><strong>Atual Gest\u00e3o<\/strong><\/p>\n<p style=\"text-align: justify;\"><strong>\u00a0<\/strong><\/p>\n<p style=\"text-align: justify;\">Atualmente a filarm\u00f4nica tem como presidente Jos\u00e9 Felix dos Santos, possui 60 integrantes da Banda\u00a0 de veteranos e a Escola de inicia\u00e7\u00e3o Musical composta por 60 crian\u00e7as e adolescentes que comp\u00f5em a Banda de aprendizes e 20 iniciantes de Teoria Musical, sob reg\u00eancia do lagartense Claudemiro Xisto dos Santos, que vem formando diversos jovens, que hoje est\u00e3o inseridos em bandas civis e militares do Brasil, em bandas populares, como tamb\u00e9m, atuando como monitores em projetos de educa\u00e7\u00e3o integral e na filarm\u00f4nica.<\/p>\n<p style=\"text-align: justify;\">Destarte, a Associa\u00e7\u00e3o Musical \u201cLira Carlos Gomes\u201d, t\u00eam contribu\u00eddo de forma significativa na forma\u00e7\u00e3o de m\u00fasicos, inclusive, desde a inf\u00e2ncia, assim mostrando \u00e0 popula\u00e7\u00e3o sergipana principalmente estanciana, o importante papel que a citada entidade desenvolve no campo musical, educacional, social e no fortalecimento e aperfei\u00e7oamento dos projetos que envolvem a educa\u00e7\u00e3o.<\/p>\n<p style=\"text-align: justify;\">Vale destacar que, a import\u00e2ncia da institui\u00e7\u00e3o vai al\u00e9m da forma\u00e7\u00e3o profissional musical, o que a torna reconhecida nacionalmente pelo seu relevante trabalho, por possuir m\u00fasicos atuando pelos quatro cantos do pa\u00eds tocando em grandes centros e levando o nome da entidade Brasil a fora.<\/p>\n<p style=\"text-align: justify;\">O trabalho da entidade perpassa o espa\u00e7o f\u00edsico da sua sede, algo que \u00e9 bastante expressivo para o sucesso da Lira Carlos Gomes, esta representatividade reflete no cotidiano da filarm\u00f4nica e dos seus m\u00fasicos, na qual a sede da banda e suas atividades tornam-se uma extens\u00e3o da fam\u00edlia. Al\u00e9m de contribuir para a transforma\u00e7\u00e3o e desenvolvimento da cidadania plena mediante a m\u00fasica, busca ainda preservar a cultura local, enfatizar o aspecto social ligado ao educacional, estimulando assim as futuras gera\u00e7\u00f5es a darem continuidade \u00e0s relevantes atividades proporcionadas pela Lira.<\/p>\n","protected":false},"excerpt":{"rendered":"<p>A Associa\u00e7\u00e3o Musical \u201cLira Carlos Gomes\u201d, fundada em 03 de outubro de 1879, tem como patrono o mestre brasileiro \u201cAnt\u00f4nio Carlos Gomes\u201d, \u00e9 uma institui\u00e7\u00e3o art\u00edstica, liter\u00e1ria, recreativa, sociocultural sem fins econ\u00f4micos. Que tem como finalidade proporcionar, propagar e difundir a arte musical. Ao longo dos seus 140 anos de atividades ininterruptas, evidencia-se sua participa\u00e7\u00e3o &hellip;<\/p>\n","protected":false},"author":1,"featured_media":0,"parent":0,"menu_order":0,"comment_status":"closed","ping_status":"closed","template":"","meta":{"om_disable_all_campaigns":false,"footnotes":""},"class_list":["post-1326","page","type-page","status-publish",""],"_links":{"self":[{"href":"https:\/\/www.liracarlosgomes.org.br\/index.php?rest_route=\/wp\/v2\/pages\/1326","targetHints":{"allow":["GET"]}}],"collection":[{"href":"https:\/\/www.liracarlosgomes.org.br\/index.php?rest_route=\/wp\/v2\/pages"}],"about":[{"href":"https:\/\/www.liracarlosgomes.org.br\/index.php?rest_route=\/wp\/v2\/types\/page"}],"author":[{"embeddable":true,"href":"https:\/\/www.liracarlosgomes.org.br\/index.php?rest_route=\/wp\/v2\/users\/1"}],"replies":[{"embeddable":true,"href":"https:\/\/www.liracarlosgomes.org.br\/index.php?rest_route=%2Fwp%2Fv2%2Fcomments&post=1326"}],"version-history":[{"count":3,"href":"https:\/\/www.liracarlosgomes.org.br\/index.php?rest_route=\/wp\/v2\/pages\/1326\/revisions"}],"predecessor-version":[{"id":1330,"href":"https:\/\/www.liracarlosgomes.org.br\/index.php?rest_route=\/wp\/v2\/pages\/1326\/revisions\/1330"}],"wp:attachment":[{"href":"https:\/\/www.liracarlosgomes.org.br\/index.php?rest_route=%2Fwp%2Fv2%2Fmedia&parent=1326"}],"curies":[{"name":"wp","href":"https:\/\/api.w.org\/{rel}","templated":true}]}}